+ 20) - -14
-1
(-88 - -16) + 90 + -49
-31
Calculate 0 + -67 + -158 + 315 + -148.
-58
What is 18 + -4 - (-62 + 37 + -11)?
50
What is the value of 77 - (92 + -181 + 217)?
-51
10 + (-4 - (-44 - -13)) + 5 - 11
31
Calculate (-3 - (-48 + 70 + -37 + 1 + -3)) + -115.
-101
Evaluate -3 + 1 + (9 - 5) - (235 - 161).
-72
What is the value of 101 + -99 + -1 + 11 + -2 + -19 - -26?
17
What is (4 - (-1 + -2)) + (33 - 8) - (0 - -5)?
27
What is 7 - (21 - 10) - (-11 + 17 + -93 + -2)?
85
1 - (-2 + -57) - (61 - (20 - -27))
46
Calculate -89 + 223 + -108 + 2 + 82.
110
42 - (32 + 53) - -38
-5
17 + 11 + 1 + (7 - 39)
-3
What is (-7 + 4 + 25 - 164) + (-19 - -24)?
-137
What is 81 - (-20 - (-58 - 5 - -31))?
69
What is the value of 8 - ((-6 - (-61 + -1)) + (-2 - 6) + 1)?
-41
49 + -7 + (-3 - -28) + -12
55
284 + -289 + (1 + -3 - 7) - -118
104
218 - (65 - -31) - 97
25
What is -53 + (7 - (-2 + 21 + -18)) - (-1 - -7)?
-53
What is 76 + (-15 - (-19 - (-11 + -4))) + -3?
62
(42 + -3 - 5) + (-151 - -150) - (-6 + 1)
38
Calculate -5 + -2 - (44 - 47) - ((1 - 3) + 40).
-42
Evaluate -54 + 52 + 50 + -23.
25
Evaluate -66 + -1 + (25 - (-12 + 52) - 4).
-86
What is the value of (9 - 74) + (-4 - -31) + 0?
-38
Evaluate -25 + 0 + -6 - (-334 - -208).
95
Evaluate -4 - (124 - 120 - -50).
-58
-101 + 161 + -67 + -86
-93
Evaluate 2007 + -2002 - (-5 - -1).
9
What is -1 + (-1 + 3 + -18 + 29 - 20) - -98?
90
Evaluate 86 - -3 - (-84 - (43 - 117)).
99
What is the value of (46 - 12) + -36 - 45?
-47
Evaluate 27 - (-32 + -3 + 47) - 52.
-37
Evaluate (29 - (-15 + 25)) + -14 - (116 - 4).
-107
What is (0 - -1 - (-22 - -55)) + -8?
-40
Calculate 3 - (2 + 24) - (-15 - -9 - 7).
-10
Evaluate (3 - 7 - -6) + (-20 - 0) - (-7 - -13).
-24
What is 5 + 48 + (-17 - -29) + -14?
51
What is (-71 - -14) + 14 + -4 - -18?
-29
Evaluate -136 + (3 + -2 - -2) + -85 + -57 + 149.
-126
Calculate 28 + (71 - 71) + 49.
77
Evaluate 1 + -15 - (225 + -213).
-26
Evaluate 0 + 9 + 1 - (-4944 - -4952).
2
Evaluate 8 + 1 + -5 + -5 + -102 + 95 - 7.
-15
-9 + 52 + -47 + 0 + -22
-26
Calculate (-26 + 49 + 6 + -1 - -6) + 8.
42
What is the value of 28 + 6 + (-6 - -98 - 0)?
126
What is (14 - (121 + -35)) + 61 - (-1 + (11 - -1))?
-22
(13 - -3) + (-95 - -73) - ((81 - -3) + -3)
-87
Calculate (99 - -69 - 83) + -15.
70
What is the value of -164 - -157 - 137 - -27?
-117
(-53 - 2) + 901 + -812
34
Calculate 24 - (10 - (-17 + 18 + 4)).
19
Evaluate (-1 - -66) + (27 - 0) + 375 + -411.
56
30 - (10 + (-10 + 29 + -8 + -18 - -8))
19
What is the value of -895 + 876 - (-46 + -1)?
28
102 + -71 + -122 + 73
-18
What is the value of -58 - ((1 - -23) + 56 + (26 - 94))?
-70
What is the value of (44 - 58 - (1 - -36)) + 31?
-20
What is (537 - 192) + -413 - (-2 + 2 + (-9 - 1))?
-58
Calculate -43 + 0 + (3753 - 3643).
67
Evaluate (16 - -52) + (-17 - (-4 - 23)).
78
What is 2 + (-15 - (46 + -8 + (10 - 11)))?
-50
Evaluate 163 - (-123 - (-125 - 115)).
46
Calculate (-6 - -10 - -43) + (15 - (30 + -4)).
36
(18 - -2 - (-126 + 142)) + -86 + -3
-85
Calculate 207 + (-125 - (33 - 58)).
107
What is the value of (-84 + -127 - -68) + 37 + -18 + -1?
-125
Calculate 53 - (148 + -40) - (-1 - 1).
-53
What is 0 - -5 - (-365 - -361 - (62 + 0 + -2))?
69
What is -2 + (-8 + 9 - 4) + (4 - 3) + 18?
14
What is the value of (454 - 457) + -1 + 4 + -7 + 10?
3
What is the value of 1 + 24 + -7 - (22 - -36)?
-40
Evaluate 14 - 17 - (16 + -31 - -43 - (-3 + 1)).
-33
Evaluate 18 - (-35 - -48) - -20.
25
Calculate 30 + (-3 + 29 - 48).
8
-25 + (-11 - 6 - -2 - -30) - 27
-37
Calculate -1 - ((-862 - -858) + (-1 - -13) + (2 - 3)).
-8
38 - -1 - (-50 + 136 + -67) - 32
-12
What is the value of -40 - (30 - (98 + -41))?
-13
What is the value of (6 - -28) + -48 - (42 + -11)?
-45
(112 - 0) + -2 + (-6 - (23 + -40))
121
What is -33 + 77 + -50 + 4?
-2
-22 - (-19 - (33 - (-23 - -14)))
39
Evaluate (1 - -17) + (16 + -47 - (82 - 122)).
27
Evaluate -48 - 4 - (-30 + -1).
-21
What is the value of 95 + -50 + -98 + -4 + 12?
-45
What is (-87 - (-42 + 18)) + 17?
-46
(0 + 1 + -4 - (-24 + 101 + -44)) + 2
-34
What is (2 - 69) + 152 + -134?
-49
What is (32 - (8 + -12)) + -9 + 44 + -52?
19
Evaluate 6355 - 6326 - (8 + -2 + -1).
24
What is the value of -2 + (-1 - -53 - (0 + -1)) + -715 + 720?
56
(18736 - 18910) + 52 + 0
-122
What is (16 - 9 - (126 + -5 + 5 + -15)) + -2?
-106
Calculate -48 + 90 + -83 + 101.
60
-13 + (-58 - (-64 + -15))
8
What is (-24 + 24 - 108) + 47?
-61
Calculate 52 + -30 + -82 - 1.
-61
Evaluate (-25 - (3 - 10)) + 21 + (0 - 63).
-60
Evaluate (-8 - 22) + 8 - (-59 - -61).
-24
Calculate 69 + -2 + (-73 - (-110 + 65)).
39
Calculate (10 + -138 - (25 + -37 + 39)) + (0 - -9).
-146
What is 1 + 11 + 9 + (-23 + 14 - 4)?
8
-15 - (-7 - 8) - (-184 - -109)
75
(12 - 2) + (3 - 29) + 71 + (0 - -7)
62
6 + -11 + (58 + -54 - (3 + 6))
-10
Calculate (-10 - 3 - 0) + (-22 - 8) + 35.
-8
Calculate 38 - (86 + -26 + -34).
12
Calculate -28 + 30 + 7 + -11 + (-8 - -1).
-9
Calculate (-8 - (-41 - -30)) + (-2 - (1 - (-2 - 64))).
-66
What is the value of (2 - -1) + -9 + (-162 - -171) - 8?
-5
What is the value of -54 - (75 + (48 - 220))?
43
What is the value of (-1 - 1) + 36 + 12 + 11 + 2 + -16?
43
What is 170 - 256 - (-5 + (-11 - -8))?
-78
127 - (-65 - (-94 + 15))
113
(99 - (32 + -25)) + -63
29
What is the value of 132 + -160 - 11 - (23 + -2 + -2)?
-58
Calculate (9 - 33 - -30) + 6 + -5 + -33.
-26
What is 5 + ((76 - -4) + -13 - 11) + 13 + -2?
72
What is -2 + (2 - 17) + (-3 + -41 - -37)?
-24
7 + 27 + -3 + (1 - -25) + -72
-15
What is -2 + (-24 - (-44 - (-50 + 28))) + -9 + -1?
-14
What is the value of 1 - 28 - (-22 - (-29 + 22 + -4))?
-16
What is the value of 57 - 0 - ((0 - ((-22 - -46) + -16)) + -6)?
71
12 + -44 + (48 - -19)
35
0 + 43 + -33391 + 33479
131
Evaluate 17 - (-14 - -41) - 18 - 8.
-36
Calculate 1 + 14 - -3 - (1073 - 1068).
13
Evaluate (-35 - (-20 + -12) - (3 + -1 + -59)) + 3.
57
Evaluate -35 + 20 + (7 - -2) - (-42 + 19).
17
Calculate (8 - (-14 + 6 - -13)) + 37 + 15.
55
What is 49 - (935 + -937 - (-21 - 1))?
29
What is (1 - (-2 + 1)) + 104 - (-62 - -91 - 15)?
92
What is the value of -32 - (5 + 0 + 1 - ((0 - -20) + -9))?
-27
Calculate -59 - (8 - (-3 - (3 + (-16 - (-15 + 8))))).
-64
What is the value of -410 + 393 + (1 + 0 - 4)?
-20
Evaluate 4 + 39 - (18 + -12 + 2 + -2 + -10).
47
What is the value of (6 - (3 + -7)) + (-18 - -22) + -15 + -87?
-88
Evaluate -40 + (-93 - -42) + 26.
-65
What is 14 - 7 - 10 - 13 - 26?
-42
What is 55 + (17 - 140) + 83?
15
Evaluate (12 - -10) + (-178 - -174).
18
What is the value of 1 - 14 - (-56 - -105 - 64)?
2
(-18 - (13 + -3 + -34)) + 41 + -5 + 4
46
What is 36 + (32 - (-33 + 69)) - -1?
33
What is the value of -18 - (-5 + (5 - -4) + -16)?
-6
Evaluate 70 - (89 - (24 - -71)).
76
Calculate (-37 - -38) + (0 - (-7 - (6 - (64 - 7)))).
-43
What is the value of 26 + -1 + -12 - (5 - (4 + -83))?
-71
Evaluate -6 + 2 + -5 - ((34 - 21) + -43).
21
Evaluate 127 - 80 - (-21 - 19).
87
What is (33 - (162 - 99)) + (-1 - (-11 + -1))?
-19
Calculate -12 + 0 - (92 - (-115 + 217)).
-2
Calculate -116 + 23 + 29 + 74.
10
Calculate (11 - 2) + -29 + (-58 - -63).
-15
Evaluate -3 + 1 + 23 - (-27 + 38 + -94).
104
Evaluate (-9 - -33 - (-33 + -8)) + -10.
55
Calculate (-65 - -33 - 13) + 49.
4
Calculate 1 + -20 + (25 - -12) - (23 - 14).
9
What is -115 + 21 + 212 - 96?
22
-39 + (-18 - (-11 + -21)) + -7
-32
-4 + (-2 - -2) - (5 - 46 - (82 - 116))
3
Calculate -38 + -53 + 103 + 56.
68
Evaluate (41 - -90 - 128) + (-1 - 1) + -11 + -85.
-95
Evaluate -39 - (62 - 13) - -26.
-62
13 + (-24 - 0) + 22 + 29
40
What is 21 - 1 - (37 - (59 + -41))?
1
What is 1436 + -1384 + (-7 - -4 - (2 - -5))?
42
What is the value of 24 - 24 - (-2 + -3 + (-11 - -11)) - -21?
26
Evaluate 36 + (42 - (2 + -19 + 26)).
69
-2 + (33 - (-9 - -19)) + 26
47
What is 14 - (-2 - -5) - (110 + -117 + (-3 - -8))?
13
What is the value of 1 - ((-12 - -5) + (4 - 2)) - 85?
-79
What is -11 + 11 + (-1 + -2 - (-4 + 4))?
-3
What is -14 + -22 + (-6 - -34) + -10 + 65?
47
What is the value of 17 + (1 - 23 - (-294 - -293))?
-4
Evaluate 13 + (-52 + -36 - -152).
77
What is the value of 1442 + -1443 - (29 - (1 + 1))?
-28
What is 6 + (-73 - -53) + 37?
23
Calculate 0 - 10 - (55 + -88 + 46).
-23
2 - -27 - (1 + -2) - (-58 - (-474 + 405))
19
What is (-73 - -50 - (7 + -1)) + 11?
-18
3 + -4 - 3 - 67 - (16 + -25 + 13)
-75
What is the value of -36 -